{"id":237,"date":"2021-01-18T15:39:39","date_gmt":"2021-01-18T14:39:39","guid":{"rendered":"http:\/\/secretdespierres.com\/?post_type=product&#038;p=237"},"modified":"2021-03-01T14:40:50","modified_gmt":"2021-03-01T13:40:50","slug":"bougie-essence-de-pierres-chakra-orange-n2-sacre-cornaline-patchouli","status":"publish","type":"product","link":"https:\/\/secretdespierres.com\/index.php\/produit\/bougie-essence-de-pierres-chakra-orange-n2-sacre-cornaline-patchouli\/","title":{"rendered":"Bougie essence de pierres &#8211; Chakra Orange n\u00b02 \u00ab\u00a0Sacr\u00e9\u00a0\u00bb &#8211; Cornaline &#038; Patchouli"},"content":{"rendered":"<p>La Cornaline est une pierre pour les maux de ventre, les organes g\u00e9nitaux, les r\u00e8gles douloureuses. Elle redonne de l&rsquo;\u00e9nergie et symbolise la vitalit\u00e9. Elle augmente la f\u00e9condit\u00e9 et transmet l&rsquo;amour de la vie. Elle stimule la cr\u00e9ativit\u00e9, la communication et la concentration. Elle apaise la col\u00e8re, le ressentiment et la jalousie.<\/p>\n<p>&nbsp;<\/p>\n<p>La pierre provient directement du Br\u00e9sil.<\/p>\n","protected":false},"excerpt":{"rendered":"<p>La Cornaline est une pierre pour les maux de ventre, les organes g\u00e9nitaux, les r\u00e8gles douloureuses. Elle redonne de l&rsquo;\u00e9nergie et symbolise la vitalit\u00e9. Elle augmente la f\u00e9condit\u00e9 et transmet l&rsquo;amour de la vie. Elle stimule la cr\u00e9ativit\u00e9, la communication et la concentration. Elle apaise la col\u00e8re, le ressentiment et la jalousie. &nbsp; La pierre [&hellip;]<\/p>\n","protected":false},"featured_media":232,"comment_status":"open","ping_status":"closed","template":"","meta":[],"product_cat":[47],"product_tag":[],"_links":{"self":[{"href":"https:\/\/secretdespierres.com\/index.php\/wp-json\/wp\/v2\/product\/237"}],"collection":[{"href":"https:\/\/secretdespierres.com\/index.php\/wp-json\/wp\/v2\/product"}],"about":[{"href":"https:\/\/secretdespierres.com\/index.php\/wp-json\/wp\/v2\/types\/product"}],"replies":[{"embeddable":true,"href":"https:\/\/secretdespierres.com\/index.php\/wp-json\/wp\/v2\/comments?post=237"}],"wp:featuredmedia":[{"embeddable":true,"href":"https:\/\/secretdespierres.com\/index.php\/wp-json\/wp\/v2\/media\/232"}],"wp:attachment":[{"href":"https:\/\/secretdespierres.com\/index.php\/wp-json\/wp\/v2\/media?parent=237"}],"wp:term":[{"taxonomy":"product_cat","embeddable":true,"href":"https:\/\/secretdespierres.com\/index.php\/wp-json\/wp\/v2\/product_cat?post=237"},{"taxonomy":"product_tag","embeddable":true,"href":"https:\/\/secretdespierres.com\/index.php\/wp-json\/wp\/v2\/product_tag?post=237"}],"curies":[{"name":"wp","href":"https:\/\/api.w.org\/{rel}","templated":true}]}}