{"id":916,"date":"2021-03-01T16:31:16","date_gmt":"2021-03-01T15:31:16","guid":{"rendered":"http:\/\/secretdespierres.com\/?post_type=product&#038;p=916"},"modified":"2025-05-23T05:03:05","modified_gmt":"2025-05-23T03:03:05","slug":"pendentif-ange-en-cristal-de-roche","status":"publish","type":"product","link":"https:\/\/secretdespierres.com\/index.php\/produit\/pendentif-ange-en-cristal-de-roche\/","title":{"rendered":"Pendentif Ange en Cristal de Roche"},"content":{"rendered":"<h3>Pendentif Ange en Cristal de Roche<\/h3>\n<div>Les anges sont des messagers des royaumes sup\u00e9rieurs, pr\u00eats \u00e0 nous apporter l\u2019assurance \u00e9motionnelle et nous guider spirituellement. Les images ou pendentifs d\u2019anges nous aident \u00e0 communiquer avec notre ange gardien, qui nous garde et nous prot\u00e8ge dans tout ce que nous demandons.<\/div>\n<div><\/div>\n<div>Le cristal de roche\u00a0est une puissante pierre curative et \u00e9nergisante. Il stimule la pens\u00e9e et la perception claires. Cela vous aide \u00e0 vous connecter avec votre sagesse int\u00e9rieure. Purifie et renforce \u00e0 la fois le corps \u00e9nerg\u00e9tique et physique, a.o. le syst\u00e8me immunitaire.<\/div>\n","protected":false},"excerpt":{"rendered":"<h3>Pendentif Ange en Cristal de Roche<\/h3>\n<div>Les anges sont des messagers des royaumes sup\u00e9rieurs, pr\u00eats \u00e0 nous apporter l\u2019assurance \u00e9motionnelle et nous guider spirituellement. Les images ou pendentifs d\u2019anges nous aident \u00e0 communiquer avec notre ange gardien, qui nous garde et nous prot\u00e8ge dans tout ce que nous demandons.<\/div>\n<div><\/div>\n<div>Le cristal de roche\u00a0est une puissante pierre curative et \u00e9nergisante. Il stimule la pens\u00e9e et la perception claires. Cela vous aide \u00e0 vous connecter avec votre sagesse int\u00e9rieure. Purifie et renforce \u00e0 la fois le corps \u00e9nerg\u00e9tique et physique, a.o. le syst\u00e8me immunitaire.<\/div>\n","protected":false},"featured_media":917,"comment_status":"open","ping_status":"closed","template":"","meta":[],"product_cat":[125],"product_tag":[],"_links":{"self":[{"href":"https:\/\/secretdespierres.com\/index.php\/wp-json\/wp\/v2\/product\/916"}],"collection":[{"href":"https:\/\/secretdespierres.com\/index.php\/wp-json\/wp\/v2\/product"}],"about":[{"href":"https:\/\/secretdespierres.com\/index.php\/wp-json\/wp\/v2\/types\/product"}],"replies":[{"embeddable":true,"href":"https:\/\/secretdespierres.com\/index.php\/wp-json\/wp\/v2\/comments?post=916"}],"wp:featuredmedia":[{"embeddable":true,"href":"https:\/\/secretdespierres.com\/index.php\/wp-json\/wp\/v2\/media\/917"}],"wp:attachment":[{"href":"https:\/\/secretdespierres.com\/index.php\/wp-json\/wp\/v2\/media?parent=916"}],"wp:term":[{"taxonomy":"product_cat","embeddable":true,"href":"https:\/\/secretdespierres.com\/index.php\/wp-json\/wp\/v2\/product_cat?post=916"},{"taxonomy":"product_tag","embeddable":true,"href":"https:\/\/secretdespierres.com\/index.php\/wp-json\/wp\/v2\/product_tag?post=916"}],"curies":[{"name":"wp","href":"https:\/\/api.w.org\/{rel}","templated":true}]}}